+ 1 - (-2 - -9).
-7
What is the value of -4 + -7 + 27 + -10?
6
(-7 - 4) + 6 - 4
-9
2 + 5 + (8 - (1 + 19))
-5
Calculate 37 + -34 + (0 - 3).
0
7 - 3 - (-1 - -2 - -3)
0
What is (14 - (-6 + 16)) + 0 + -3?
1
Calculate 2 + 0 + (8 - 11).
-1
What is the value of (-5 - 7) + (0 - -5)?
-7
Calculate (-4 - -9 - 1) + 1 + 0.
5
What is 0 + 2 + (1 + -9 - -1)?
-5
Evaluate -8 + 10 + (-8 - -5).
-1
What is 0 + 0 + -4 - -6?
2
What is the value of 10 - (15 + (7 - 6))?
-6
What is 8 + -17 - (-7 + 4)?
-6
What is (2 - -2) + 1 + 1 + -4?
2
8 - ((-6 - (5 - 5)) + 7)
7
Evaluate -6 + -6 + 21 + -12.
-3
Evaluate 3 - (0 - -5 - 4).
2
Evaluate 8 + -2 + 0 - 9.
-3
What is 2 + -2 + (19 - 14)?
5
Evaluate -13 + 15 - (7 + 3 + 1).
-9
Calculate -4 + -3 - (11 + -15).
-3
-7 - ((10 + -2 - 14) + 4)
-5
Calculate -16 - -7 - -12 - -1.
4
What is the value of (0 - (-2 - 0)) + -4 + 1?
-1
Evaluate (1 - (-3 - 0)) + 14 + -17.
1
What is the value of 3 - ((-7 - -6) + 7) - -5?
2
What is the value of -3 - (4 + -2) - (-3 + -1)?
-1
Calculate -6 - ((3 - 10) + 5).
-4
-51 + 51 + (1 - -6)
7
What is 0 + -4 + 13 + -13?
-4
-4 + (-13 - -8) + (5 - 1)
-5
What is 2 + (-11 + 7 - -7)?
5
Calculate 9 + -2 + -13 - -5.
-1
-1 + (4 - 15) + 20
8
Evaluate 51 - 50 - (3 + 1 + -2).
-1
What is the value of (-3 - -3 - -1) + -5?
-4
What is the value of (-9 - -12) + -2 + 1 + -8?
-6
What is the value of -4 - (-3 + (-4 - -3))?
0
Calculate -3 + (-9 - -4 - (2 + -6)).
-4
Calculate 4 + 0 - (-2 - -4) - 0.
2
1 - (-2 - 1) - 2
2
Evaluate -1 - 1 - (2 - -1 - 3).
-2
Calculate 0 - 1 - (-2 - (4 + 1)).
6
Evaluate 1 + -3 + 6 - 5.
-1
What is the value of (1 - -11 - 0) + (-1 - 6)?
5
What is the value of 3 + -3 - (-5 + 7)?
-2
Evaluate -1 - -17 - (80 - 72).
8
Evaluate (7 - (5 + -1)) + -6.
-3
What is 3 - (0 + 0) - (7 - 4)?
0
-3 - (-4 + 3 + -7)
5
-8 - (-2 + (-3 - (-1 - -1)))
-3
What is 5 + -3 + -12 - -3?
-7
What is the value of 1 + 1 - (4 - (28 + -17))?
9
What is the value of -12 + 3 + (-11 - -19)?
-1
(0 - (9 - 4)) + 3
-2
-1 + 2 - (2 - (-4 + 2))
-3
What is the value of (17 - 21) + (0 - -1)?
-3
Calculate -68 + 70 + (-1 - (1 + 2)).
-2
0 - (3 - 6) - 6
-3
What is the value of 12 + -6 + -14 + 3?
-5
What is the value of -4 + (9 - (-4 + 13))?
-4
What is the value of -10 + 0 + 1 + 6?
-3
Evaluate (-1 + 1 - (13 + -12)) + -1.
-2
What is the value of -8 + (-1 - -2 - -3) - -8?
4
What is the value of 1 + 0 + (-8 - -2)?
-5
What is -2 - ((-5 - 0) + 0)?
3
What is -1 - -1 - -4 - (9 - 6)?
1
(-6 - 3) + (-3 - -10)
-2
What is the value of -4 + 0 + 0 - (-35 + 27)?
4
What is (1 - -5) + (10 - 22)?
-6
Calculate 6 - (10 - (-2 + 7)).
1
What is the value of (4 - 3 - (3 + -6)) + -1?
3
-1 + 1 + 0 - (-116 - -120)
-4
What is -12 - (-3 - (-3 - -10))?
-2
What is the value of 6 + (6 + -6 - 6)?
0
Calculate 2 + 1 + (-2 - -3).
4
Evaluate -12 + 1 - (-80 + 75).
-6
What is 0 + -2 + 2 + -4?
-4
Calculate 12 + -22 + 6 + 1.
-3
-11 - (-9 + (-18 - -9))
7
What is the value of 17 + -18 - (-2 + 0)?
1
Calculate (-3 - -4) + 2 + (-4 - 0).
-1
What is the value of (1 - 2) + 8 + -10?
-3
What is 2 - (3 + 0 + (-2 - 3))?
4
-10 - (-6 - ((4 - -1) + -8))
-7
-2 + 9 + (6 - 11) - 2
0
(-8 - (-3 + -1)) + -3 - -9
2
Calculate 2 - (1 + 0 + -1 + 1).
1
What is -2 + -2 + 9 + -7 + 4?
2
-3 + 3 - (-4 - 1)
5
What is the value of 5 + -2 + 7 + -7?
3
(-4 - 1 - (3 - 1)) + 5
-2
What is the value of -21 + 16 + 0 + 2?
-3
(1 + 2 - 4) + -1
-2
Evaluate -15 - 1 - (-24 - (-19 + 1)).
-10
10 + -4 + -1 - 5
0
Evaluate 1 - (2 - 0 - (2 - 0)).
1
2 + -3 - (0 - 8)
7
What is 2 + (-6 - -6) - 5?
-3
What is (9 - (10 - -1)) + 7 + 0?
5
What is -9 + (2 - 2 - -5) + -4?
-8
What is -2 - ((-3 - -1) + -1 - -2)?
-1
What is -4 + 3 - (-2 + -1)?
2
Evaluate 0 - ((7 - 20) + 5) - 0.
8
Calculate (6 - 5) + -6 - (-16 - -4).
7
Evaluate -1 + (4 - 2 - 4).
-3
What is the value of 3 - (2 - (1 + 2 + -1))?
3
19 + -8 - (-1 - -7)
5
What is (-4 - (5 - 4)) + 9?
4
-5 + (-7 - -3) - -6
-3
Calculate -3 + 6 + -4 + 5.
4
4 - (-13 + 16 + (1 - 0))
0
What is the value of 3 - -2 - (97 - 88)?
-4
-2 + 8 + (-2 - (-3 + 2))
5
Evaluate (0 + 5 - 8) + -5.
-8
Calculate 4 - 1 - (-6 - -29 - 12).
-8
What is 3 + (-1 - (4 + -4 + -2))?
4
What is (-1 + -19 - -3) + 10?
-7
Evaluate (4 - 18) + 2 - (-2 - 2).
-8
What is the value of 74 - 67 - (-9 - -1) - 6?
9
14 + -9 - (2 - -5 - 8)
6
What is 6 + 2 + -16 + 16?
8
-19 - -25 - (3 - -1)
2
Calculate -10 + 16 - (0 - -1).
5
What is 0 + (-2 - (-4 - -3) - 0)?
-1
What is the value of 1 + (-2 - (6 + -8))?
1
What is 3 + (-6 - -2) - 3?
-4
Evaluate (6 - 6) + (-1 - 3) - -8.
4
Calculate -186 - -188 - (10 - 1).
-7
Calculate (0 + 2 - 7) + (-106 - -117).
6
Evaluate 1 + -4 + -4 + 3.
-4
What is the value of -9 + 2 + (-5 - (1 - 19))?
6
What is -1 + 2 + -3 + -72 + 81?
7
8 - (4 - (3 + -3)) - 7
-3
8 - 2 - (2 - -2)
2
Calculate 2 + 1 + 2 + 0.
5
What is the value of 10 - (1 - (5 + -8))?
6
80 + -76 + (-1 - 2)
1
Calculate -7 + 1 - (-1 + 5 - 5).
-5
What is 1 - 0 - 1 - -3?
3
Calculate 0 + (4 - 2) + 1 + 0.
3
Evaluate 3 - -1 - (-3 + -2 + 6).
3
-7 + (-1 - -4) + 3 + -3
-4
What is the value of -13 - (2 - 8 - 4)?
-3
Evaluate 0 + (-8 - -6) + 4.
2
0 - (-1 + 0 - -3)
-2
What is 1 + -7 + 41 + -36?
-1
Calculate -8 - -3 - (-3 - -1 - -1).
-4
-1 - 8 - (-88 + 83)
-4
Calculate 8 + (-4 - 1) + 1 + -3.
1
Calculate -9 + 4 - (3 + -9).
1
-11 + 6 - (0 + 1 + -7)
1
What is (50 - 54) + -2 + 3?
-3
Calculate 8 + -2 + 45 + -50.
1
11 + 2 + (8 - 8 - 6)
7
What is -2 + 1 + -9 + 10?
0
Evaluate 1 + (2 - 2) + -3 - -5.
3
Calculate (-13 - -1) + (141 - 138).
-9
What is the value of 2 - -4 - (4 - (7 - 2))?
7
What is 2 - (-3 + -2 + 2 + 2)?
3
-12 + 13 - (0 + 1 - -2)
-2
What is -17 + 10 + 5 - (0 - -1)?
-3
-5 + (1 - -10) + -7 + 0
-1
What is (-6 - -1) + 2 + 2?
-1
Evaluate -2 - (2 + -2 + -6 + 2).
2
-15 - (6 - 6) - -7
-8
Calculate 2 + -1 + (6 - 4) + -6.
-3
(-1 - -4) + (-89 - -87)
1
Evaluate 5 + -20 + -4 + 12.
-7
What is the value of (-1 - -3 - 11) + 1?
-8
(-5 - -3 - 8) + 2 + 1
-7
Evaluate 6 - (2 + (4 - 1)).
1
What is the value of -4 + -7 + 1 + -112 + 117?
-5
Calculate 6 - (1 + 2 + 4).
-1
Evaluate -71 + 81 + (-15 - -1).
-4
-2 + (7 + 1 - 8)
-2
Calculate (24 - 2 - 19) + 1 + 1.
5
(2 - -2) + (-37 - -35)
2
What is 7 + (-7 - 8) + 8?
0
Calculate (12 - 10) + 2 + -2 + -6.
-4
What is the value of (-4 - (-2 + 3)) + (1 - 0)?
-4
What is (-1 + 3 - 3) + -2 - -7?
4
Calculate 3 + 3 + -3 + 1.
4
Evaluate 0 - ((-1 - 2) + 3).
0
Calculate 4 - (-6 - -6) - 4.
0
-2 + (3 + 0 + -2 - 4)
-5
What is the value of -5 + 1 - (-5 - -4)?
-3
(-3 - -3) + -4 + 7
3
What is the value of 6 - 1 - (-17 - -26)?
-4
Calculate (1 - 0) + 9 + -14.
-4
Evaluate -2 + 7 - -1 - 5.
1
Calculate 4 + 1 + (-16 + 8 - 1).
-4
Calculate 1 + -4 + (-64 - -63).
-4
Calculate 6 + (1 - (5 - 0)).
2
5 - (-6 - (-4 + -9))
-2
What is the value of 3 + -2 + (-2 - -3) - 3?
-1
What is the value of -4 + 1 - (1 + (1 - 8))?
3
Evaluate (2 - 0) + 9 + -14 + 9.
6
What is the value of 16 + (-12 - -7) + -20?
-9
What is the value of (8 + -3 - 8) + (-2 - 0)?
-5
What is the value of -3 - -2 - -1 - 3 - -1?
-2
Evaluate (11 - 16 - -2) + -1 + 2.
-2
What is the value of 20 + (-19 - -1) + (-6 - -1)?
-3
What is the value of -4 - 1 - (3 - 12)?
4
Evaluate 0 + -26 + 31 + (1 - 3).
3
Calculate -1 + (48 - 38) + (-1 - 3).
5
What is 3 + 1 + (-2 - -1)?
3
Calculate 11 - 10 - (-6 - (0 + -14)).
-7
What is 1 + 2 + (6 - (12 + -9))?
6
What is the value of -4 + (5 - 3 - -5)?
3
What is -5 + 8 - (-4 - (5 + -11))?
1
Calculate -779 - -779 - (-1 + 2 + 5).
-6
Evaluate -109 - -112 - ((1 - -5) + -1).
-2
Evaluate -5 + (3 - (5 - -1 - 2)).
-6
2 - (1 + (1 - 1)) - -1
2
Evaluate (3 - -4) + -7 + 5.
5
Evaluate 6 + 0 + -4 + -6.
-4
What is the value of -2 - ((-9 - -4) + 4 + 2)?
-3
Calculate -2 - (-4 + 2 + 1 + 2).
-3
Calculate 8 - (-10 + 19) - -5.
4
Evaluate -2 - (0 - 8 - -7).
-1
Calculate 0 - ((-1 + -4 - -4) + -4).
5
1 + (8 - 6) + 3 + -14
-8
What is -10 + 22 + (6 - 4) + -7?
7
What is the value of (11 - 14) + -2 + 9?
4
What is the value of (-3 - -1) + (8 - -1) - 2?
5
What is the value of -3 - (5 + -12) - 3?
1
What is the value of -1 - (2 + -1) - (-7 + 2)?
3
What is the value of 3 + (-1 - 2) + (18 - 16)?
2
6 + (-3 - -2) - (41 - 45)
9
Calculate 2 + -1 + 7 + -13.
-5
7 - (1 + (1 - 0))
5
What is 12 + 0 - (0 + (12 - 7))?
7
Calculate 11 + 4 + -14 + -1.
0
Calculate 0 + (0 - 0 - -2) + -4.
-2
Calculate (5 + -10 - -4) + 5.
4
What is the value of -3 + 12 + -2 - 4?
3
What is the value o